 5
-40022023
Convert 230111321112 (base 4) to base 10.
11624022
Convert -48cd1c (base 15) to base 7.
-41426061
Convert -c6a9 (base 16) to base 3.
-2120202121
-1011001220102 (base 3) to base 11
-388525
-a3196a (base 11) to base 5
-411010204
Convert 1ea183 (base 15) to base 2.
101101110110000001111
Convert -8303744 (base 9) to base 11.
-2557479
816921 (base 10) to base 13
227ab1
Convert -254513 (base 13) to base 4.
-3122201000
40466512 (base 7) to base 15
46adcd
386245 (base 13) to base 11
846817
Convert -111263 (base 8) to base 3.
-1220111221
What is -230303310 (base 4) in base 16?
-2ccf4
What is -10202000012000 (base 3) in base 11?
-1138780
22100102110102 (base 3) to base 2
10000111011010000100101
What is 3222451 (base 6) in base 8?
465777
Convert 1461776 (base 9) to base 5.
201331433
Convert -122340103 (base 5) to base 3.
-1002222100220
What is -1200022004 (base 5) in base 7?
-32153216
What is 100214343 (base 5) in base 6?
12311014
Convert 194321 (base 12) to base 13.
126736
What is 332069 (base 12) in base 8?
3062321
What is c1bc4 (base 13) in base 12?
148944
What is 2e7c8b (base 15) in base 10?
2253956
Convert -7e17 (base 16) to base 9.
-48245
Convert -1511eb (base 16) to base 10.
-1380843
12867566 (base 9) to base 16
611829
What is -2613a (base 14) in base 7?
-536503
Convert -1212300 (base 4) to base 7.
-25113
265444 (base 10) to base 12
109744
Convert 1671135 (base 9) to base 6.
31553052
What is 2115483 (base 9) in base 7?
12424566
What is -15908 (base 10) in base 2?
-11111000100100
120102110121 (base 3) to base 10
303604
202011021200 (base 3) to base 2
1100000110111101111
What is 4045004 (base 6) in base 4?
233011330
-30565 (base 10) to base 4
-13131211
Convert 223113100033 (base 4) to base 15.
ee81e4
What is 14551545 (base 7) in base 10?
1390800
What is -5506000 (base 8) in base 7?
-15362652
Convert -2b9c07 (base 13) to base 10.
-1078565
Convert -10102002111 (base 3) to base 5.
-4122020
What is 10a789 (base 11) in base 2?
101010110011001001
What is -20680 (base 16) in base 9?
-222064
-12123222 (base 5) to base 3
-12210122011
What is 412d8 (base 15) in base 16?
326c0
-103ac90 (base 13) to base 11
-2871a45
10312014 (base 5) to base 14
242d2
Convert 2e209d (base 16) to base 6.
144443221
What is 10214222 (base 5) in base 15?
1a542
Convert -428a6f (base 16) to base 5.
-2104021230
Convert 5162453 (base 8) to base 3.
2120120110001
What is 94d9a (base 14) in base 4?
1113233230
Convert -121121240 (base 5) to base 11.
-358059
-80749 (base 11) to base 8
-346414
-bbc (base 14) to base 9
-3160
-121202201 (base 4) to base 8
-314241
What is 538b19 (base 13) in base 16?
1dee85
Convert -112445 (base 13) to base 4.
-1202313311
Convert 154554512 (base 6) to base 7.
40103642
What is -160513 (base 10) in base 5?
-20114023
-91954a (base 13) to base 9
-6337362
111000000010111 (base 2) to base 15
8780
What is -122112424 (base 5) in base 16?
-8e25f
Convert b1bb3b (base 13) to base 9.
7707403
What is -2077724 (base 10) in base 7?
-23442335
Convert -425581 (base 10) to base 13.
-11b930
Convert 1110001000011001101111 (base 2) to base 11.
2100215
5486 (base 14) to base 11
aa93
What is 3133022031 (base 4) in base 8?
3371215
3373224 (base 10) to base 7
40446321
What is -1100992 (base 12) in base 4?
-30112011332
What is 232061222 (base 7) in base 4?
312113012120
What is 1323465 (base 7) in base 6?
3422120
-713248 (base 11) to base 16
-117dad
6203312 (base 7) to base 11
466548
-100002002120100 (base 3) to base 16
-499c8f
Convert 31106305 (base 7) to base 9.
4813474
Convert 3410443 (base 5) to base 13.
2149b
Convert -dcdc8 (base 16) to base 15.
-12d09d
Convert -1125060 (base 8) to base 4.
-1022220300
What is -8c2c (base 15) in base 11?
-20389
110010111000001111111111 (base 2) to base 14
1ab28d9
What is 108b742 (base 16) in base 5?
13420122133
Convert 253a1 (base 11) to base 15.
abc6
Convert -2f824 (base 16) to base 5.
-22211341
What is 4a215 (base 12) in base 10?
100529
Convert 3321224 (base 5) to base 14.
17049
Convert -2973ce (base 16) to base 2.
-1010010111001111001110
What is -4157162 (base 8) in base 2?
-100001101111001110010
Convert -37a0684 (base 12) to base 11.
-6180465
What is -20110002221020 (base 3) in base 12?
-1193259
-23277032 (base 8) to base 10
-5078554
Convert -377204 (base 8) to base 9.
-218243
Convert -3470748 (base 10) to base 9.
-6468866
638b (base 12) to base 10
10907
Convert -9b308 (base 14) to base 8.
-1337314
-3555212 (base 6) to base 10
-186488
-2341431 (base 5) to base 12
-2111a
Convert 366592 (base 10) to base 8.
1314000
217567 (base 9) to base 16
1fcb4
Convert 5849 (base 14) to base 15.
4838
What is aa363 (base 16) in base 15?
db892
What is -1810951 (base 10) in base 2?
-110111010001000000111
-314a9 (base 13) to base 16
-15a77
What is 79ac5 (base 16) in base 2?
1111001101011000101
219475 (base 11) to base 10
349288
What is 123811 (base 12) in base 13?
a5046
1130012130 (base 4) to base 11
23847a
Convert -3223332131 (base 4) to base 8.
-3537635
Convert 210112222110011 (base 3) to base 8.
53545201
What is 8bade (base 15) in base 7?
3531110
What is -2dacd (base 14) in base 9?
-184233
2444243 (base 5) to base 2
1011011011100111
What is -22186 (base 11) in base 10?
-32159
-516553 (base 7) to base 15
-1b487
What is 552220 (base 6) in base 15?
d8d6
What is 769589 (base 11) in base 8?
4536154
What is -12012202122 (base 3) in base 13?
-37928
What is 112100210120210 (base 3) in base 14?
1029a24
Convert 19b4629 (base 12) to base 16.
535581
What is -8ad1 (base 16) in base 4?
-20223101
What is -5752231 (base 8) in base 11?
-977406
Convert 2c8557 (base 15) to base 3.
11001110100201
What is 155215 (base 7) in base 2?
111011110101101
-3417135 (base 9) to base 14
-35d568
542c6 (base 16) to base 14
8d90a
-86a239 (base 12) to base 2
-1000001000101011001101
Convert -1605125 (base 8) to base 3.
-212102220210
-2311022211 (base 4) to base 16
-b52a5
What is -11321101 (base 4) in base 8?
-57121
Convert 378375 (base 12) to base 2.
11011101001100001001
-862a39 (base 11) to base 12
-566860
Convert 155136231 (base 7) to base 15.
dc5319
What is 102211232 (base 5) in base 12?
188292
What is 112120120212 (base 3) in base 16?
460cd
Convert -131d7 (base 16) to base 10.
-78295
What is -113e4 (base 15) in base 3?
-2210021221
Convert 100000111111111111 (base 2) to base 14.
3738b
What is -33003313 (base 4) in base 2?
-1111000011110111
Convert 120221212002011 (base 3) to base 6.
501433351
What is 221011021020 (base 3) in base 5?
111321221
-3023000120 (base 4) to base 16
-cb018
Convert 34377d (base 16) to base 10.
3422077
-10011000001000010101111 (base 2) to base 7
-60241356
What is -7124241 (base 8) in base 13?
-509b62
4202430 (base 5) to base 6
1251551
25221255 (base 6) to base 5
201432434
What is 112002332220 (base 4) in base 3?
101212121210200
What is 115522643 (base 7) in base 10?
7266437
What is 441b1 (base 14) in base 13?
5a138
What is -13253677 (base 8) in base 2?
-1011010101011110111111
Convert -120225462 (base 7) to base 9.
-15017516
Convert -db60d (base 14) to base 3.
-222222002120
79377 (base 10) to base 16
13611
-222201022222 (base 3) to base 9
-881288
What is -206334000 (base 7) in base 4?
-232321211130
Convert 21ca0 (base 16) to base 7.
1114333
What is -2688274 (base 10) in base 8?
-12202422
Convert 116288 (base 9) to base 8.
211122
What is -5210553 (base 6) in base 14?
-67337
104302430 (base 5) to base 8
1610021
Convert 35432427 (base 8) to base 6.
434012555
30300113 (base 4) to base 13
1aa20
What is 10100011011111010 (base 2) in base 5?
10134311
What is -34511025 (base 6) in base 5?
-233114331
37208 (base 10) to base 11
25a56
What is -31ea0 (base 16) in base 11?
-12a672
What is -61b28 (base 13) in base 4?
-222311200
Convert 110001010010101 (base 2) to base 5.
1301422
243583 (base 10) to base 5
30243313
1324043123 (base 5) to base 2
1100110001000011100111
What is 10421322 (base 5) in base 2?
10110011110110111
-11111000001111001 (base 2) to base 5
-13031342
55361 (base 16) to base 12
149b95
What is a0909c (base 13) in base 5?
1423422312
What is -236a315 (base 11) in base 3?
-21202201021212
What is -6702a (base 16) in base 2?
-1100111000000101010
Convert -17150b (base 15) to base 12.
-45b185
2998a5 (base 11) to base 15
9353d
125243323 (base 6) to base 8
11407503
